 4*l + 32 = 6*l - 2*i, q*i - 72 = -5*l. What are the prime factors of l?
3, 5
Let y(m) = m**3 - 4*m**2 + 10*m - 10. List the prime factors of y(7).
3, 23
Suppose -5*z = 4*y - 123, -3*y = -z - 0*y + 36. What are the prime factors of z?
3
Let a = 25 + 49. List the prime factors of a.
2, 37
Suppose 15 = -o + 4*o. Suppose 0 = 3*c + 12, -5*a + 0*c + 132 = -3*c. Suppose -3*p + a = 3*j, 2*p - o = -3*j + 15. List the prime factors of j.
2
Let p(r) be the third derivative of r**6/120 + 7*r**5/60 + r**4/8 - 4*r**3/3 + 3*r**2. List the prime factors of p(-6).
2, 5
Suppose -4*a = -5*t - 15, -2*t - a = 2*a - 17. Let h(g) be the third derivative of g**5/5 - g**4/24 + g**3/6 + g**2. What are the prime factors of h(t)?
2, 3
Let t(l) = -l + 1. Let n be t(-5). Suppose 3*r = 12, -n*m + 2*m = 4*r - 16. Suppose m = 4*v - 20 - 16. List the prime factors of v.
3
Suppose -4*c + c + 5*j + 2 = 0, 4*c - 4*j + 8 = 0. Let b be 5 + -2*c/(-4). Suppose -b*u + 4*u = 6. What are the prime factors of u?
3
Suppose 3*k = 5*i - 342, i + 3*k - 54 = -0*k. What are the prime factors of i?
2, 3, 11
Suppose 0 = -4*p + 40 - 172. Let s = -19 - p. List the prime factors of (-105)/s*2/(-3).
5
Let m be -1 + (16 + -4)/3. Suppose -5*f - 115 = -m*x, 0 = x - 5*f + 4*f - 41. What are the prime factors of x?
3, 5
Suppose -2*p + 10 = 3*p. Let s(d) = -5 - 9*d - 2*d**2 - 4 - 3*d**p + 4*d**2. What are the prime factors of s(-6)?
3
Suppose 4*o + 5*t - 171 = 0, -2*o - 3*t - 26 + 111 = 0. List the prime factors of o.
2, 11
Let o = 148 - 101. What are the prime factors of o?
47
List the prime factors of (115/2 - 1)/(8/16).
113
Let u(x) = -5*x**3 + 4*x**2 + 3*x + 1. List the prime factors of u(-2).
3, 17
Let d(y) = -y**3 + 6*y**2 + 2*y - 5. List the prime factors of d(6).
7
Suppose 39 = 3*k - 2*k. Let t = 38 + -16. Let c = k - t. List the prime factors of c.
17
Let q(z) = 18*z**2 + 2*z + 1. Let s be q(-1). Suppose 0 = -2*r + 4*b - 6, 4*r + 22 = -4*b + 2*b. Let d = s + r. List the prime factors of d.
2, 3
Let i(c) = c**2 + 5*c - 9. Let p be i(-10). Suppose j + 4*j + p = 2*h, j = -3. What are the prime factors of h?
13
Let k(j) = -2*j + 4. Let g(f) = -2*f**2 + f. Suppose 4 = 3*m - m. Let c be g(m). What are the prime factors of k(c)?
2
Let x(d) = -d - 2. Let a be x(-5). Let p be (-2)/4*0/a. Suppose p = u + u - 10. List the prime factors of u.
5
What are the prime factors of (-10)/(2*(-1)/1)?
5
Suppose 0 = -5*h + 15, -w + 5*h = 9 - 4. List the prime factors of w.
2, 5
Suppose -2*n - 2*n + 688 = -3*c, -3*n - 3*c + 516 = 0. What are the prime factors of n?
2, 43
Suppose 7*w - 3*v - 175 = 2*w, 2*w + 2*v = 70. What are the prime factors of w?
5, 7
Let w(l) = l**3 - 9*l**2 + 3*l + 12. Let i = 17 - 8. List the prime factors of w(i).
3, 13
Suppose 3*j - 4*a = a - 7, 4*j - 29 = -a. Let v = 23 - j. List the prime factors of v.
17
Suppose 15 + 0 = 5*r - b, 0 = -3*r - 2*b - 4. Suppose r + 3 = -n. Let s(v) = -v**2 - 7*v + 3. What are the prime factors of s(n)?
13
Let b(w) = 17*w + 1. Let h be b(4). Suppose 6 = -5*c - h. Let d = c - -24. What are the prime factors of d?
3
Suppose -277 = -5*y - 7. What are the prime factors of y?
2, 3
Let t(a) = -a**3 + 9*a**2 + 4*a - 10. List the prime factors of t(8).
2, 43
Suppose 2*d - 5 = d. What are the prime factors of ((-12)/(-5))/(1/d)?
2, 3
Let b = 13 + -5. Let c(j) = j**3 - 5*j**2 + 6. Let v(g) = -g**3 + 6*g**2 - 5. Let t(x) = -2*c(x) - 3*v(x). List the prime factors of t(b).
3
Let t = 3 - 0. List the prime factors of t.
3
Suppose o + 3*i = 13, o - 6 = 2*i - 18. Let w be o*(-1 + 3 + -5). Suppose -w*j + 2*j = -64. List the prime factors of j.
2
Suppose -2*k + 11 = -7. Let l be (k/3)/3 + 2. Suppose l*g - 2 = 5*x, 3*g + 0*g = 2*x + 17. What are the prime factors of g?
3
Suppose o = 4*f - 106, -114 = -3*f - f - 3*o. Let u = f + -19. What are the prime factors of 16/u + 15 + 0?
17
Let a = 194 + -121. What are the prime factors of a?
73
Suppose -b = 2*j - 96 - 130, 2*j - 2*b - 226 = 0. List the prime factors of j.
113
Suppose 8*j = 3*j - 5, 3*j - 17 = -5*i. Suppose 5*l + 3*f - 44 = -119, 2*l + 16 = -i*f. What are the prime factors of 12/l - 44/(-3)?
2, 7
Suppose 6*y = 21*y - 1380. List the prime factors of y.
2, 23
Suppose -4*g - 75 = 325. Let d = 146 + g. List the prime factors of d.
2, 23
Suppose 5*a + 45 - 237 = d, -3*a + 5*d + 124 = 0. What are the prime factors of a?
2, 19
Suppose 2*q = -5*h - q + 62, 50 = 4*h + 2*q. Let g = h + -6. Suppose -3 = -2*i + g. What are the prime factors of i?
5
Suppose 3*h = 2*u - 13 - 18, 2*u = -5*h - 9. Suppose -u = -2*t + l, 6*t - 3*l - 20 = 2*t. Suppose -54 = -t*p - 16. What are the prime factors of p?
19
Let k be (-20)/(-10) - (-1 + 0). Suppose 4*i = 5*s + 31, -k*i + 47 = -s + 2*s. What are the prime factors of i?
2, 7
Suppose -l = -0*l - 4*t, 4*l + 4*t = 80. What are the prime factors of l?
2
Let r(c) = -c**3 - 6*c**2 + 11*c + 12. List the prime factors of r(-8).
2, 13
Suppose 32 = -3*h + 8. Let t = h - -3. List the prime factors of (t + 1)*(-1)/2.
2
Let n(c) = -c**3 + 11*c**2 + c + 13. What are the prime factors of n(10)?
3, 41
Let b be 4/18 - 125/(-45). Let k(i) = 5*i**2 - 4*i + 3. What are the prime factors of k(b)?
2, 3
Let l(r) = 22*r - 7. What are the prime factors of l(4)?
3
What are the prime factors of (2/1)/(-1) + 7?
5
Suppose -w + 5*c = -28 + 10, -5*c = -3*w + 44. Let a = -25 + w. List the prime factors of 8/a - (-29)/3.
3
What are the prime factors of (4/(-5))/(26/(-585))?
2, 3
Let g = 7 - 7. Suppose g*r = -5*r + 20. What are the prime factors of r?
2
Let o(t) = 5*t. Let a be o(3). Suppose 0*x = -5*v - 3*x + 109, -3*x = -9. Suppose -d - a = -3*m, -4*m + d + 4*d = -v. List the prime factors of m.
5
Let h = -14 - -14. List the prime factors of h/(-1) + 20/1.
2, 5
Let n = 3 + 39. What are the prime factors of n?
2, 3, 7
Let o be ((-274)/4)/(2/(-12)). Let j be o/(-27) + (-4)/(-18). Let n = -6 - j. What are the prime factors of n?
3
Suppose 0*o + 3*o = -3*k + 132, -o + 122 = 3*k. Suppose 3*p = k - 3. Suppose -3*y - p = 0, 0*y - 3*y - 23 = -t. List the prime factors of t.
11
Suppose -4*i - 92 = -3*o, -3*o + i = -93 - 11. What are the prime factors of o?
2, 3
List the prime factors of 2/3 + (-42)/(-18)*70.
2, 41
Suppose 77 = 2*b + 17. What are the prime factors of b?
2, 3, 5
Let n = -119 - -188. What are the prime factors of n?
3, 23
Suppose 35 = g - 5*j, 2*g + j = -3*j + 70. Suppose -2*r + 8 = -4*n, -2*n + 16 = 4*r - n. Suppose r*q - g = -q. What are the prime factors of q?
7
Suppose 2*n - 35 = -13. Let b(d) = d**3 + n*d**2 + 6 - 10*d**2 + 3*d - 2*d. What are the prime factors of b(0)?
2, 3
Let c(a) = 3*a**2 - 2*a - 2. Let w be c(2). What are the prime factors of 10/(-15) + 82/w?
13
Suppose 5*g = -a - 4, 5*a + 4*g = 8*g + 38. Suppose a*v - 99 = 3*v. List the prime factors of v.
3, 11
Let t(m) = 5*m - 17. Let y(w) = 14*w - 50. Let u(q) = 17*t(q) - 6*y(q). List the prime factors of u(-9).
2
Suppose -c = 3*c - 576. List the prime factors of ((-1)/(-2))/(4/c).
2, 3
Let q be 1 - (-1 - (8 + 0)). Let v be 0/(-1) - 17/(-17). Let b = q + v. What are the prime factors of b?
11
Let b(g) = g**2 + 2*g - 1. Let y be b(-2). Let x(t) = -3 + 4 + 4*t**3 - 2*t**2 - 17*t**3. List the prime factors of x(y).
2, 3
Let l be 33/9 - (-2)/6. Suppose -l*o = a - 19, 2*o + a = -0*a + 11. List the prime factors of o.
2
Let g = -38 + 61. What are the prime factors of g?
23
Let w(d) = d**3 - 22*d**2 - 18*d - 25. What are the prime factors of w(23)?
2, 3, 5
Suppose -g + 23 = -3*n + 4, 2*g - 4*n = 42. List the prime factors of g.
5
Suppose 4 = -2*d, 2*d + 40 = 2*y - 6*y. Let a = -6 - y. Suppose -2*t + a = 5*r + 2, 5*t + 3*r = 50. What are the prime factors of t?
13
What are the prime factors of (-1)/((-1)/218) - (9 + -7)?
2, 3
Suppose -4*w - 2*b + 41 = 3*b, -45 = -5*w - 5*b. Suppose 5*i + 14 = 2*c, w*i = 5*c - 36 - 33. List the prime factors of c.
17
Let g = -225 - -316. What are the prime factors of g?
7, 13
Let k(j) = j - j + 6*j - 2*j**2 + 3*j**2 + 7. Let i be k(-5). Suppose -n - 11 = -i*a - 6*n, a - 16 = n. List the prime factors of a.
13
Suppose x + 2*c - 99 = 3*c, 4*x = 5*c + 400. What are the prime factors of x?
5, 19
Let z(m) = 2*m - 2. Let h(y) = -3*y + 3. Let i(s) = -6*h(s) - 10*z(s). List the prime factors of i(-8).
2, 3
Suppose -3*n = -3*v - 5*n + 353, 0 =